ded by 25.
14
Calculate the remainder when -10*(6570/(-12))/15 is divided by 74.
69
Let i(o) = o**3 - 4*o**2 - 8*o - 13. Let u = 1 - 2. What is the remainder when -1 + (30 - 1/u) is divided by i(6)?
8
Suppose -531*d = -532*d + i + 551, -2*i - 1653 = -3*d. What is the remainder when d is divided by 50?
1
Suppose -4498*g = -4562*g + 5440. Calculate the remainder when 171 is divided by g.
1
Let z(t) = 1747*t**2 - 1762*t - 1762. Calculate the remainder when z(-1) is divided by 358.
315
Let n = 9997 + -9510. What is the remainder when n is divided by 180?
127
Suppose 97*d - 47656 - 28004 = 0. Calculate the remainder when 2361 is divided by d.
21
Suppose -5*f + 2*f = -57. Let s(g) = g**2 - 6*g - 21. Let p be s(8). Let t(l) = 2*l**3 + 11*l**2 - l + 3. What is the remainder when t(p) is divided by f?
14
Let m(s) = -s - 3. Suppose 5*j - 625 = 2520. Suppose j = 8*q + 253. What is the remainder when q is divided by m(-15)?
11
Let h(x) = 27*x**2 + 6*x + 6. Let u = -170 + 168. What is the remainder when h(u) is divided by 26?
24
Suppose -o = -4*l - 1305, 0 = -5*l - 1 - 19. What is the remainder when o is divided by 144?
137
Let k = 10 - 19. Let y = 8916 - 8908. What is the remainder when ((-40)/6)/(2/k) is divided by y?
6
What is the remainder when ((-12)/84)/(7/(-22246)) is divided by 118?
100
Calculate the remainder when 225 is divided by -105*(-9)/(-81)*9/(-5).
15
Let q(j) = -22*j - 65. Let s be q(7). What is the remainder when 7*s/(-15) + 3/(-15) is divided by 27?
21
Suppose 93*g = 97*g - 4*h - 56, 0 = 5*g + 2*h - 77. What is the remainder when 3058 is divided by g?
13
Suppose -5*s + 70 = 4*d, 90 = 5*s - 3*d - 15. Suppose -2*t + 5610 = 5*r, -3*t = -4*r - 7*t + 4476. What is the remainder when r/32 - 1/8 - 3 is divided by s?
14
Suppose 0 = 2*s + 4*c - 172, 4*s = -c + 322 + 50. Suppose -42*f - 37 + 968 = 7*f. What is the remainder when s is divided by f?
18
Let t = -486 - -696. What is the remainder when 230 is divided by t?
20
Let m = -21 + 20. Let n be 1/2*(-2 - -2)*m. Suppose 2*d = -k + 63, n = -d - 4*k - k + 18. What is the remainder when 98 is divided by d?
32
Suppose 2*c - 3*z = 54, c - 3*z = z + 17. Suppose 49 - c = -a. What is the remainder when ((-56)/(-6))/(a/(-48)) is divided by 6?
4
Suppose 47 + 18 = 5*u. Suppose u*m + 616 = 5*m. Calculate the remainder when (-7139)/m + (4/14 - 0) is divided by 16.
13
Suppose 13*w = 2753 + 718. Let s(c) = -c**3 + 16*c**2 + 20*c + 1. Let n be s(17). Suppose 3*j - 83 = n. Calculate the remainder when w is divided by j.
42
Let s = 595 - 15. Suppose 8*b - s - 644 = 0. Let g = -130 + b. What is the remainder when 83 is divided by g?
14
Let u(m) = 39*m**3 + 17*m**2 + 26*m - 14. What is the remainder when u(6) is divided by 18?
16
Let y(q) = q**2 + 15*q - 16. Let n be y(1). Suppose 7*p + 745 - 962 = n. What is the remainder when 61 is divided by p?
30
Let j(q) = 75*q - 5008. Calculate the remainder when j(85) is divided by 6.
5
Let k be 24*(-2)/(-3) - 4. Let x(i) = -k + 4*i**2 - 10*i - 2*i**2 - 15 + 40. What is the remainder when 49 is divided by x(5)?
10
What is the remainder when 9 - -4*1887/17 is divided by 153?
147
Suppose -4*i + 89 = -23. Let v(l) = -59*l + 4001. Calculate the remainder when v(67) is divided by i.
20
Let i = -191 + 359. Suppose 0 = -b - 9*z + 14*z + i, -5*b + 4*z = -903. What is the remainder when b is divided by 31?
28
Let n(f) = 71*f - 216. Suppose 4*o + 10 = 154. What is the remainder when n(4) is divided by o?
32
Let h be ((-29)/(-1) - 2)*4/(-12). Let m(s) = 2*s**2 - 2*s - 17. Let d be m(h). Suppose 7*l = 19 + d. Calculate the remainder when l is divided by 14.
12
Suppose 0 = 2*r - 8, 227 - 18 = 5*f - 4*r. Suppose 0 = 2*k + 5*x - 46 - 8, 5*k - 2*x - 77 = 0. What is the remainder when f is divided by k?
11
Let z(k) = 32*k**2 - 124*k - 75. What is the remainder when 11966 is divided by z(5)?
101
Calculate the remainder when 170 is divided by (63/(-14) - -4)/(3/(-642)).
63
Suppose 16*b = -0*b - 1344. What is the remainder when 50 is divided by 3/(-15)*(b - (-1 + 2))?
16
Let y be (-14)/(-4)*(-440)/(-77). Suppose y = 4*o, 3*o + 55 = 5*h + 7*o. Calculate the remainder when 37 is divided by h.
2
Suppose 0 = -4*f + k + 149, 3*f = -197*k + 198*k + 113. Calculate the remainder when 0 + -2 + 70 + 0 is divided by f.
32
Suppose 5*v + 3*k = 11, -5*v + k + k = -26. Let t(w) = -14*w - 5*w - w**2 + w + 23. What is the remainder when t(-19) is divided by v?
0
Let o = 5 + 5. Suppose -3*j + 28 = o. Suppose j*v - 2*v = 3*u - 109, v - 27 = -u. What is the remainder when u is divided by 9?
4
Let z(t) = t**3 + 31*t**2 + 239*t + 8. Calculate the remainder when 234 is divided by z(-15).
4
Suppose -2*q - 4*n + 224 = -0*q, -5*n = -3*q + 281. Suppose -4*g = -4*z + q + 26, z = 5*g + 40. Calculate the remainder when z is divided by 3.
0
Let w(t) = t + 14. Let i be w(-10). Let s = i + -1. Suppose -5*c - 1 = 9, 4*c = 5*f - 58. Calculate the remainder when f is divided by s.
1
Let k = 337 + -358. Let d = 76 - k. Calculate the remainder when d is divided by 13.
6
Suppose -8*b + 69 = -11. Let j be (b/9)/(-5) + 65/9. Suppose -65 = -j*y - 16. What is the remainder when y is divided by 3?
1
Let t(h) = -19*h - 2 - 6 + 14*h**2 + 5*h - 20*h**2 + h**3. What is the remainder when 16 is divided by t(8)?
0
Suppose -2*v - 120 = -8*v. Calculate the remainder when 254 is divided by v.
14
Calculate the remainder when ((-499)/(-5))/(97/485) is divided by 82.
7
Suppose 4*s - 35*j - 1126 = -32*j, -j = -s + 283. Calculate the remainder when s is divided by 124.
29
Let h(j) = j**2 + 7*j + 4. Let l be h(0). Suppose -4 = -4*p, 3*p + 38 = l*n - 7. What is the remainder when 44 is divided by n?
8
Let z(t) = 2*t**3 - 17*t**2 - 8*t + 8. Let w = -569 + 872. What is the remainder when w is divided by z(9)?
14
Let q be (0 - (5 - 9))/((-8)/(-10)). Let n(h) = 7*h**2 - 19*h + 27. What is the remainder when n(q) is divided by 28?
23
Let k = 24 - -43. Calculate the remainder when 465 is divided by k.
63
Calculate the remainder when 2268 is divided by ((-11275)/15)/(-1) - (-26)/(-429)*11.
15
Let r(k) = 61*k**3 + 2*k**2 - 1. Let z be r(1). Suppose -47*v - 4*j - 116 = -51*v, -2*j = 3*v - z. Calculate the remainder when 54 is divided by v.
6
Let f = -198 + 204. Let j be (1/(-3))/(3/(-18)). Calculate the remainder when 303/(9*j/f) is divided by 34.
33
Let j(z) be the third derivative of -z**5/60 - 11*z**4/8 - 169*z**3/6 - 98*z**2. Calculate the remainder when j(-7) is divided by 5.
3
Suppose 4379*f + 105 = 4394*f. Let i = -8 - -2. Calculate the remainder when (-2)/4 - 111/i is divided by f.
4
Let g(y) be the first derivative of -y**3/3 + 9*y**2 + 49*y - 46. Suppose 2*s = c + 43, 2*s - 8 = 2*c + 30. Calculate the remainder when s is divided by g(20).
6
Let l(w) = 3*w - 6. Let c be l(4). Let k = c - -89. Let z = -2284 + 2308. What is the remainder when k is divided by z?
23
Suppose 0 = -2*y + 5*m + 21, -y - 50 = -2*m - 58. What is the remainder when (-63)/(2/(2/(-1))) is divided by -1 - (y/(-4) + 235/(-10))?
19
Let j(o) = o**2 + 3. Let r be 1/(14/(-4)) - (-18)/63. Suppose 2*q - 51 - 99 = r. Calculate the remainder when q is divided by j(-4).
18
Let u(w) = w + 37. Let m(g) = g - 3. Let o be m(15). Suppose -o*a - 143 = 61. Calculate the remainder when 55 is divided by u(a).
15
Let n(p) = -25*p**3 - 2*p - 1. Let j = -14 + 38. Let h = 75 - j. What is the remainder when h is divided by n(-1)?
25
Let n = -349 + 363. Let m be (-42)/(-4) - 2/4. Let s(a) = 7*a - 17. Calculate the remainder when s(m) is divided by n.
11
Suppose -35*i - 21696 = -182*i - 79*i. Calculate the remainder when 755 is divided by i.
83
Suppose 0 = -13*x + 11*x + 3*y + 14, -6 = -x + y. Suppose i = -x*m + 208, 24*i + 213 = 25*i + 5*m. Calculate the remainder when i is divided by 13.
6
Let i = 461 - 466. Let a(r) = 2*r**2 + 15*r + 39. Calculate the remainder when a(i) is divided by 6 - 1 - 6/3.
2
Let r(n) = 3*n**3 - n**2 - 32*n - 140. Calculate the remainder when r(8) is divided by 171.
50
Let t(u) = 2*u**2 - 45*u + 45. Suppose -9 = -6*o + 129. What is the remainder when t(o) is divided by 18?
14
Let x(m) = -9*m - 10. Let s be x(0). Let h(a) = a**2 + 13*a + 34. What is the remainder when 75 is divided by h(s)?
3
Suppose 5*m - 3*k - 1246 = 0, 3*m - 630 = -2*k + 129. What is the remainder when m is d